on factor of c and 52?
13
Let p = 69 + 34. Let i = 17 + p. Calculate the greatest common divisor of i and 12.
12
Suppose -z = -3*h + 149, 5*h - 230 = z - 3*z. Suppose k + 12 = 4*k. Suppose -k*d = -d - h. Calculate the greatest common divisor of d and 112.
16
Let h(i) = -i + 1. Let j be h(-1). Let n be j/7 + (-108)/(-14). What is the highest common divisor of n and 56?
8
Suppose 0 = -12*a + 18 + 78. Let g(r) = 25*r - 20. Let i be g(a). Calculate the highest common divisor of 45 and i.
45
Suppose 0 = 7*g - 47 - 37. Calculate the highest common factor of g and 268.
4
Suppose 2*w - 31 = s, w + 2*s - 10 - 18 = 0. Calculate the greatest common factor of w and 711.
9
Suppose -93 = -7*x + 19. Suppose -3*q = -x*q + 130. Calculate the greatest common divisor of 70 and q.
10
Let f = -282 - -415. Suppose -f - 107 = -3*n. What is the highest common divisor of n and 10?
10
Let h(w) = -11*w - 204. Let m be h(-44). What is the highest common factor of 120 and m?
40
Let u = 30 - 21. Let b(z) = 0*z - u*z + 1 - 6*z - 2*z**2 + 2*z. Let o be b(-6). Calculate the highest common factor of o and 7.
7
Suppose 0 = -15*c + 22*c - 588. Calculate the highest common divisor of 324 and c.
12
Let r = 268 + -115. Let t(o) = o**3 - 2*o**2 - 10*o - 8. Let k be t(5). What is the greatest common factor of r and k?
17
Let n(r) = -5*r + 104. Let i be n(16). Suppose -576 = -0*h - 3*h. Calculate the greatest common divisor of h and i.
24
Let c(f) = 18*f**2 - 37*f - 3. Let q be c(3). What is the highest common divisor of 96 and q?
48
Let m(n) = -467*n + 11. Let b be m(-2). Suppose 28*u - b = 13*u. What is the highest common factor of 21 and u?
21
Let x be (4 - 2)/(8/(-44)). Let f(d) = 24*d - 18. Let i be f(x). Let y = -135 - i. Calculate the highest common factor of 21 and y.
21
Let k be (-1 + -3)*(0 - (-417)/(-12)). Let p = 165 - k. What is the highest common divisor of p and 26?
26
Suppose 3*l - 15 = 354. Calculate the highest common factor of l and 328.
41
Let u = -22 + 52. Let l be (u/(-8))/((-2)/8). Calculate the greatest common factor of l and 3.
3
Let t(y) be the third derivative of y**6/120 - 7*y**5/30 - 13*y**4/24 - 8*y**3/3 - 49*y**2. Let c be t(15). What is the greatest common divisor of c and 238?
14
Let o(g) = g + 18. Let t = -9 - -11. Suppose 0 = t*m + 3*m. Let f be o(m). What is the highest common factor of 18 and f?
18
Let t be 6/(-7)*42/(-9). Suppose 3*d - t*d = 9. Let p = d + 21. What is the highest common divisor of p and 4?
4
Let o(y) = 7*y**2 - 107*y + 40. Let r be o(15). Calculate the highest common factor of 2090 and r.
10
Suppose 0*c - 462 = -3*c. Let m = -150 + c. Calculate the greatest common divisor of m and 4.
4
Suppose -d = -2 - 3. Suppose 0 = -b + 2 + 2. Suppose -r = -d*t - 2*r + 16, -2*t - r + b = 0. What is the highest common divisor of t and 10?
2
Suppose 5*i - 2*i = -39. Let y = i - -19. What is the greatest common divisor of 42 and y?
6
Suppose 4*a - 22*b + 25*b = 1618, -2*b - 410 = -a. Calculate the highest common factor of 58 and a.
58
Let o(g) = 17*g**2 + 7*g + 5. Let u be o(-4). Suppose 18 = -3*f + u. Let h be 12 - (3 - (-4 - -6)). What is the highest common factor of h and f?
11
Suppose -4*j + 28 = -5*r, -3*r - 16 = -4*j - r. Suppose -v + 84 = j*v. What is the greatest common divisor of 308 and v?
28
Suppose 3*y - 1942 - 494 = 0. Suppose -5*c + y = -588. What is the greatest common divisor of c and 35?
35
Suppose 79 = 5*r + 2*a - 0*a, -3*a = 9. Suppose 3*y + 6 = -75. Let k = 44 + y. Calculate the highest common divisor of k and r.
17
Let z = 223 - 127. Suppose r - z = -r. Let m be ((-48)/(-10))/((-12)/20 + 1). What is the greatest common divisor of m and r?
12
Suppose 2*n + 3*n = h - 31, 0 = -4*h + n + 124. Calculate the highest common divisor of 4619 and h.
31
Suppose 392 = -533*n + 561*n. Calculate the greatest common factor of n and 301.
7
Suppose 0 = -4*z - 5*j + 57, 3*z + 24*j - 39 = 21*j. What is the highest common divisor of 12 and z?
4
Let b = -283 + 499. Calculate the greatest common divisor of 24 and b.
24
Suppose 0 = 7*g + 265 + 176. Let c be 0/1 + 0 - g. What is the greatest common factor of 7 and c?
7
Let a = -77 - -81. Calculate the greatest common factor of a and 16.
4
Let f be (19/((-285)/(-170)))/(3/477). What is the greatest common divisor of f and 318?
106
Let f(j) = j**3 + 10*j**2 + 2*j - 12. Let w be f(-6). Let a = -94 + w. What is the greatest common factor of 26 and a?
26
Suppose p - 159 = -4*x, -3*p = 3*x - 8*x + 186. What is the highest common factor of x and 4?
1
Let v(n) = 2*n**2 + 3*n - 13. Let r be v(-5). Let o be ((-23)/3)/((-2)/6). Suppose -r - o = -5*y. What is the highest common factor of 36 and y?
9
Let c = -36 + 102. Suppose -5*j + 12 = 4*t - j, 0 = 3*t + 5*j - 3. What is the highest common factor of t and c?
6
Suppose 94*s = 87*s + 21. Let a(c) = 0 - 8*c - 6 + 1. Let w be a(-4). Calculate the highest common factor of s and w.
3
Let g(q) = -q**3 - 34*q**2 - 2*q - 41. Let n be g(-34). What is the greatest common factor of n and 27?
27
Let f be 18/(-45) - 127/(-5). Let k = 26 - f. What is the greatest common divisor of k and 1?
1
Suppose 38*p = 118 + 452. What is the highest common factor of 5 and p?
5
Let o be -5 + (-7)/(35/(-1285)). Calculate the greatest common factor of o and 168.
84
Let l be ((-237)/2)/(-3) + 3/6. What is the highest common factor of 56 and l?
8
Let o = -1028 + 1048. What is the highest common divisor of 16 and o?
4
Let a be 417/4 - 2/8. Suppose 3*g + 4*n + 204 = -67, 97 = -g - 3*n. Let l = g + 98. What is the highest common factor of l and a?
13
Let b = -11 + 16. Suppose 2*u - 6*u + 56 = a, b*a = 4*u - 80. Let x(p) = -7*p - 5. Let t be x(-5). Calculate the highest common divisor of u and t.
15
Let m be 72/(-48)*(-839 - 3/(-1)). What is the highest common factor of 114 and m?
114
Suppose -4*w - 3*v = -5, -2*v = 4*w - 7*w - 9. Let f(p) = -130*p + 3. Let t be f(w). What is the highest common factor of t and 19?
19
Let l be 42/(-105) + 34/10. Suppose 0 = -2*w + 4*y + 38, -w + 23 = l*y - y. Calculate the highest common factor of 7 and w.
7
Suppose 8*g = 7*g - 3. Let x be (8/20)/(g/(-75)). Suppose -j - 2*j + 75 = 0. What is the highest common factor of j and x?
5
Let s = 130 + -9. Calculate the greatest common divisor of 22 and s.
11
Suppose 0*h - 11 = -h. Suppose h = 3*g - 28. What is the greatest common divisor of 52 and g?
13
Suppose -4*o + 370 = -2*o. Suppose 3*i - o = 85. What is the highest common divisor of 18 and i?
18
Let f = -371 + 443. Calculate the greatest common divisor of 8 and f.
8
Suppose 6 = w - 0. Suppose 16 = n + 14. Let d(p) = 3*p**2 + 3*p - 3. Let i be d(n). Calculate the highest common divisor of i and w.
3
Suppose 5*h = 3*h - 2. Let b = 21 + h. What is the highest common factor of b and 180?
20
Let l(u) = 6*u**2 + 264*u + 7. Let f be l(-44). What is the highest common factor of 2051 and f?
7
Let c(g) = 5*g - 1. Let z be c(1). Suppose -127 = -q - 83. Calculate the highest common divisor of q and z.
4
Let c be 16/(-40) + 2354/10. Suppose 2*k = c - 55. Calculate the greatest common divisor of k and 36.
18
Let k(m) = -5*m - 40. Let a be k(-9). Suppose 3*o = a*g - 44, 2*g - o = -10 + 27. Calculate the highest common factor of 77 and g.
7
Suppose d - 455 = -212. Let h be 18/(-2 - 24/(-9)). What is the highest common factor of h and d?
27
Let h = 341 + -299. What is the highest common divisor of h and 24?
6
Let p be 58/(-8) + (-2)/(-8). Let i = -3 + p. Let u(f) = -f**2 - 21*f - 14. Let y be u(i). What is the highest common divisor of y and 16?
16
Suppose 22*r - 3878 - 12424 = 0. What is the highest common factor of 39 and r?
39
Suppose 2*t + 6 = 0, -h + 2*t - 3*t + 26 = 0. Suppose -5*g - 11 = h. Let v be 33/12 + (-2)/g. What is the highest common factor of v and 1?
1
Let f be ((3 - 0) + 4)*1. Let y = f - 5. Suppose -y*r = -0 - 10. Calculate the highest common factor of r and 15.
5
Let m = 28 - 5. Suppose 0 = -2*a - 4, k - 4*a = a + m. Calculate the greatest common factor of 117 and k.
13
Let d(i) = 3*i**3 + 12*i**2 + 15*i + 6. Let u be d(-7). Let k be (u/(-21))/(1/7). What is the greatest common factor of 20 and k?
20
Suppose -h - 307 = 5*p + 197, p + 4*h + 97 = 0. Let g = -37 - p. What is the greatest common factor of g and 160?
32
Let g(q) = 4*q - 16. Let c be g(8). Suppos